+ -4 + 0.
7
What is -25 - (-11 - -20 - 20) - -8?
-6
Evaluate 18 + (-16 - 2) - 13.
-13
What is -3 + 9 + (11 - 16)?
1
What is the value of (1 - (-1 + -4)) + (12 - (-7 + 35))?
-10
-2 - -6 - (25 + -5)
-16
What is the value of 20 - (40 - 23 - -10)?
-7
What is the value of 7 + 1 + (5 - (1 + 0 + 1))?
11
Calculate 19 - (0 - (-7 + -4 + 4)).
12
Evaluate (2 - 21) + 2 + (12 - (7 - -1)).
-13
Calculate (-5 + 6 - -6 - 5) + 1 + -7.
-4
What is 0 + 19 + -28 + 16?
7
Calculate 7 - (0 + 11 + -10 - 16).
22
-22 + 25 + (-11 - -2) + -2 + 0
-8
Calculate -1 - -12 - (12 + 0 - (16 - 11)).
4
Calculate (37 - 34) + -11 + -4 + 12.
0
What is (0 - 8) + 1 + 59 + -11 + -29?
12
What is the value of -10 + (32 - 4) - (5 - 3 - -3)?
13
Evaluate -23 - 13 - -28 - -14.
6
Evaluate -3 - (-1 + -9) - (-2 + (-3 - -12)).
0
Evaluate -21 - -30 - (-14 - -16 - -21).
-14
What is 14 + 7 + 0 + (-5 - (-5 + 3))?
18
What is (-21 - (4 + 1 + -3)) + 8?
-15
What is (36 - 41) + (0 + (1 - 0) - -9)?
5
Calculate 23 - 39 - (-3 + 2 - 10).
-5
2 + 3 + 22 - ((-5 - -3) + 9)
20
Calculate 9 - (33 + (2 - -2) + -5 + 1).
-24
Calculate -25 + (13 - -8) - -15.
11
What is the value of (-4 - -17) + 2 + -5 + -1?
9
What is -3 - (4 - -11 - 13 - 16)?
11
Calculate (36 - (-9 - -43)) + -31.
-29
Evaluate 13 + -4 + 2 + -5 - 4.
2
Evaluate (34 - 28 - 27) + 49.
28
Evaluate 13 + (-18 - (16 + -3)) - -2.
-16
-67 + (46 - 44) + 45
-20
Calculate (7 - (-20 + 12)) + -25 - -28.
18
What is -229 + 232 - (4 + (-1 - -1))?
-1
What is 45 + (-18 - 34) - (-31 + 0)?
24
What is the value of 8 + (5 - -2 - (8 + -10 - -8))?
9
Evaluate -9 + 12 - (-9 - (-3 + 5)).
14
What is the value of 16 + -20 + (2 - 4)?
-6
-7 - (18 - 38) - 4
9
Evaluate 17 - -1 - (54 - (-14 + 26)).
-24
(-880 - -872) + 0 + 0 + 7
-1
What is 7 + -2 + (-3 - -6) + -17?
-9
Evaluate -42 + 24 + 12 + 25.
19
-15 - ((12 + -8 - 31) + -11)
23
(-16 - (-2 + 1 + -3)) + (54 - 54)
-12
What is the value of -4 - -2 - (7 - (7 + -26))?
-28
What is the value of 28 + -10 + -7 + -13 + -11 + 2?
-11
Evaluate (5 - (13 + 3 + -9)) + 15 + -2.
11
What is 8 - (10 - (3 - 0))?
1
Calculate 24 + 4 + -21 + 10.
17
What is -16 - (2 + -11) - 1?
-8
Calculate (-2 + -11 - -10) + -1.
-4
What is the value of -2 + -11 + 19 + (-1 - 8)?
-3
Evaluate -23 + -3 + -2 + 16.
-12
Calculate (15 - (-6 - -12)) + -19 + 34 + 3.
27
Calculate 3 + -2 + -5 - (1430 + -1413).
-21
0 + -12 - (-34 + 28 + -22)
16
Calculate 0 - 38 - (840 - 866).
-12
(21 - (-12 - -16) - 3) + -1
13
4 + 3 + (3 - (3 - -2)) + -10
-5
(1 - 8) + (-16 - -13 - -8)
-2
What is the value of 15 + -31 - 18 - -21?
-13
What is the value of 15 + ((-15 - -1) + 24 - 18)?
7
-13 - -21 - (-13 + 7 - -27)
-13
Evaluate (25 - 15) + 9 - 24 - 0.
-5
What is the value of -340 + 356 + (-8 - 2)?
6
What is the value of 6 + (22 - (15 + 23))?
-10
5 + 0 - -2 - (-156 + 162)
1
What is (27 - 13) + -24 - 11?
-21
Evaluate (-11 - (32 - 4)) + 31.
-8
Evaluate (-2 - (11 + 4)) + 3.
-14
Evaluate (2 - 13) + 34 + -24.
-1
-3 + (60 - 67 - (17 - 2))
-25
Calculate (18 + -5 + -18 - (3 + -13)) + -15.
-10
What is the value of (-4 - 4) + (1 - 6) + 15 - 4?
-2
2 + -3 + -1 + 10
8
Calculate 15 + (1 + -12 - (-343 - -356)).
-9
What is 0 + 9 + (-1 - 2) + (319 - 309)?
16
What is the value of (-5 - 1) + (22 - 0) + (-11 - 4)?
1
(19 - 23) + -13 - -6
-11
-5 + -3 + (-4 - (0 + 1 + -3))
-10
Calculate (24 - 4) + 6 + -5 + -9.
12
Evaluate 150 + -159 + (-2 - 0).
-11
What is the value of -5 - (-6 + (-16 - -9 - (-11 - 0)))?
-3
What is 13 - 12 - (12 + -39)?
28
Calculate 7 - (64 + (-24 - 11)).
-22
What is the value of (37 - 38) + -8 - (-1 + -1)?
-7
Calculate (33 + -23 - (2 - 4)) + 23 - 7.
28
-21 + 5 + -2 + -9 + (3 - -15)
-9
-9 - -4 - -16 - (-12 - 2 - -27)
-2
What is 12 + -9 - (17 + -1 - 14)?
1
-15 - ((6 - 5 - -3) + 2 + -9)
-12
What is -20 - (-22 - (-21 - -2))?
-17
Evaluate -9 + (1 - -11) + -7 - (-18 - 1).
15
Calculate -1 + 9 + -21 + 2 + 3.
-8
What is the value of (10 - 1) + (-9 - 6)?
-6
What is the value of 69 + -69 + (15 - 2)?
13
What is the value of 26 + -34 + 14 + -7?
-1
What is 12 - ((-5 - -32) + -16)?
1
Evaluate (2 - 3) + 30 + -498 + 492.
23
18 + -8 + -5 - -16 - 17
4
What is the value of -1 - (-21 + -1) - 38?
-17
What is 3 + -12 + 8 + -2 + 2?
-1
Evaluate (2 - -7) + -3 - 11 - 2.
-7
What is 10 + (3 - (4 - (-5 + 1)))?
5
Calculate -6 - (-2 + 1 + -1 + 3 - -8).
-15
-27 - (-13 - -9) - -6 - -8 - -27
18
Evaluate 0 + -2 - (-4 + 4) - -3.
1
Evaluate (8 - 15 - (-9 + -14)) + 11 + -2.
25
What is the value of (-13 - 1) + 3 + 7 - 14?
-18
(-14 + 0 + 10 - -8) + -10 + -21
-27
Calculate (9 - 3) + (-2 - -5) + (-435 - -413).
-13
What is -5 + -42 + (-28 - -64)?
-11
What is the value of -2 + -27 + (-277 - -293)?
-13
What is 15 + (-2 - (5 - 3))?
11
What is -18 + (8 - (5 - 13))?
-2
What is the value of (1 + 4 - -4) + (11 - (1 - -6))?
13
What is -8 + (-1 + -3 - (4 - -1 - 4))?
-13
What is (-6 - (-5 - -6)) + (1 - (4 - 0))?
-10
-1 + -25 + -9 + 22
-13
Evaluate -25 + (8 + (12 - 16) - 9).
-30
What is the value of 1 + -2 + -8 + 11 + -7?
-5
-39 + 36 - (33 - 19)
-17
What is -9 - (5 - (3 + 11))?
0
What is -105 + 90 + 2 + (10 - 1)?
-4
Evaluate -43 - (-47 - (-15 + -10)).
-21
What is -1249 + 1253 + (1 + 0 - -23)?
28
What is the value of (-15 - 0 - 4) + 14?
-5
(-17 - -34) + 19 + -54
-18
Evaluate 2 - (-3 + -3) - (-7 + 6) - -8.
17
Calculate 3 - (-4 - -2 - -7) - (32 + -31).
-3
Evaluate (-8 - (-34 - -55)) + 29.
0
Evaluate -1 - (-2 - -2) - ((5 - 65) + 51).
8
Evaluate -27 + (52 - (34 - 32)).
23
What is the value of -1 - (24 + -15) - (-8 - -1) - 12?
-15
What is the value of (2 - 23) + (-13 - (-58 - -43))?
-19
Evaluate (12 + -19 - 1) + -5.
-13
What is the value of (-8 - 1) + (0 - 1) + (27 - 28)?
-11
Calculate 3 + (7 + -14 - -1 - -7).
4
-152 - -158 - (20 + 2)
-16
Calculate 5 + 11 + -2 + 5 + -7.
12
What is the value of 11 + -9 + 6 - 7?
1
What is -57 + (28 - 4) + 13?
-20
What is 9 + (-48 - -19) + 30?
10
4 + (6 - (3 + (-3 - -5) + -3))
8
8 + -1 - (-40 + 50) - (-1 + -16)
14
What is (7 + -2 - (-60 + 51)) + 16?
30
What is the value of (8 - 21) + (-7 - (-2 + -9))?
-9
What is 24 - ((-11 - -32) + -9 + -5)?
17
Calculate 0 - (7 + 6 + (2 + 3 - 4)).
-14
Calculate 8 + 10 + -10 - (-2 + 3 - 5).
12
-2 - (((-4 - 3) + 4 - 1) + 13)
-11
Calculate -7 + (1 + 5 - 4) + 7.
2
(0 - (5 - (-11 + -9))) + -3
-28
2 + -2 + 4 + (-1 - -32) + -25
10
What is the value of 0 + -12 + 0 + (14 + -27 - -11)?
-14
(-23 - -8) + (-69 - -87)
3
What is 144 + -154 - (-2 + -1)?
-7
Calculate -1 + (-34 - -26) - (-1 + -7).
-1
Evaluate 29 + -7 - 9 - (31 + -20).
2
-26 - ((-6 - -12) + -26)
-6
Calculate 31 - (64 + 15 + -57).
9
What is the value of -5 - -5 - (-4 + -4 - -2)?
6
19 - (-6 - (-15 - -19 - 3))
26
Calculate (4 - -29) + -26 + -1 + 0 + -5.
1
What is the value of 12 + (-1 + -5 + 7 + 1 - 7)?
7
What is the value of -6 + (13 - 8) - (14 + -3)?
-12
What is 25 + (-2 - -13) + -10?
26
Evaluate 10 + -6 - (32 - 9).
-19
(-105 - -103) + 4 + -3 + -2 + -3
-6
Calculate -3 - (-3 - 28) - (106 + -106) - 5.
23
Evaluate (-6 - -8) + -10 - -5.
-3
Evaluate -43 + -2 - (25 + -11 - 4 - 18).
-37
336 - 353 - (-44 - 1 - -3)
25
What is the value of 2 - -16 - (365 + -333)?
-14
What is 19 + -60 + 23 + 43?
25
-4 + (3 - 1) + 0 - 9
-11
What is the value of 4 + (4 - (10 - 1)) + 2?
1
-24 + ((-20 - -7) + 3 - -12)
-22
What is -1 - (-4 + 1 - 0 - (150 + -140))?
12
4 + -29 + 13 + 25 + 26
39
What is the value of 11 + (-3 - -2) + 2?
12
Calculate 3 + -5 + (-7 - -1) + (-19 - -7).
-20
What is the value of -17 + 14 + -16 + 9 - -3?
-7
What is the value of 1 + -5 + 12 + -1?
7
What is the value of -4 + 16 + (-4 - 2) + 4?
10
Calculate -10 - ((9 - 21) + -26 + 9).
19
What is the value of -24 - 2 - (-35 + 38 + -2)?
-27
-1 - -4 - (9 + -21 + (-4 - -17))
2
Evaluate (27 - -9) + -11 + -11.
14
9 + (4 + -6 + 7 - -10)
24
What is the value of -32 + 27 + 26 - 8?
13
-13 + 0 + 1 + (33 - 51) + 23
-7
What is the value of 32 + -19 - (3 + -3 + (2 - -2))?
9
What is the value of (-3 + 2 - -10) + (-19 - -50) + -32?
8
What is 16 + (-15 - (21 + -35))?
15
What is -5 + 0 - (-12 - -2) - (7 + -7)?
5
What is (-45 - -68) + (-18 - -3)?
8
What is -6 + 11 - -21 - (-2 - (-12 - -2))?
18
Evaluate -11 - (-13 - 2) - 11.
-7
Evaluate 1 - (-4 - (-6 + 10 + -2)).
7
9 - -1 - (-21 + 5 - -24)
2
What is the value of (-2 - 4) + 20 + -22 + 6?
-2
What is -16 - -19 - (4 - (4 + -5)) - -10?
8
What is the value of 2 + 16 - ((33 - 3) + -29)?
17
(7 + 1 - (21 - 